t k be 6/(-3)*(-48)/32. Suppose -5*z + k*f - 7*f = -3409, 2*f - 2047 = -3*z. Is z composite?
True
Is ((8/12)/((-200)/75))/((-5)/3009940) a prime number?
True
Let z(x) = x**2 + 18*x + 27. Let h be z(-7). Let w = 181 + h. Suppose 5*a - 10024 + w = -g, -4*a + 7906 = 5*g. Is a prime?
True
Let m(z) = 48*z - 34. Let u(f) = f. Let h(l) = m(l) - 5*u(l). Let s(y) = -9*y - 29. Let v be s(-4). Is h(v) composite?
True
Is (825 + -4)/(-6*4/(-312)) a composite number?
True
Let d be (-2)/(-8)*-2 - 1349/(-142). Suppose d*k - 16*k = -2863. Is k composite?
False
Let c = 12557 - -1700. Is c a prime number?
False
Suppose -37*o + 41*o = 0. Suppose p + 2*b = 6141, o*b = -5*b + 25. Is p composite?
False
Suppose 0 = -4*v - 3*d + 8335 + 7615, 7976 = 2*v + d. Is v composite?
False
Is (-4)/(-6) - (0 - (-4 + (-637355)/(-15))) a prime number?
True
Let v(f) = -467*f + 1. Let y be v(-5). Let i be 8 + (-10)/((-90)/12051). Suppose -i = -b + y. Is b a composite number?
True
Let r(p) = -29*p**2 + 19*p + 35. Let g be r(17). Let f = g - -17954. Is f a prime number?
True
Let t be (-62)/(-22) - 2/(-11). Let b be (357/t)/(3*(-1)/(-6)). Let m = b - 35. Is m a composite number?
True
Let o be -2 - (-12)/9 - (-5)/3. Let s be 3 - o - (-9)/((-18)/(-8996)). Suppose -s = -5*b - 685. Is b composite?
True
Let u be ((-304)/532)/((-2)/14). Suppose -a - u*r + 1922 + 10107 = 0, 24078 = 2*a - 2*r. Is a a composite number?
False
Suppose -3*g = -4*v - 961542, -v + 385034 = 3*g - 576478. Is g a prime number?
False
Is -5 + 24/12 - -192002 prime?
True
Let u(x) = x**2 - 20*x + 51. Let c be u(17). Suppose 0 = 2*t - 6*t + n + 9489, c = -3*n - 15. Is t prime?
True
Suppose -2*g = g - 274288 - 1172861. Is g composite?
True
Let a be -63 + 4/18*3*6. Let k = a - -126. Let p = 450 + k. Is p prime?
False
Suppose -10*g + 7*g = 0. Suppose g = -2*q - h + 46 + 15, -3*q + 5*h = -111. Suppose 2*y = n - 81, 2*n - q = y + 145. Is n prime?
False
Let r(h) = h**2 - 17*h - 18. Let t be r(18). Suppose t = 2*m - 3*v - 15793, 0*m - 2*m + 15808 = 2*v. Is m a composite number?
False
Is -2 + 22 - 20 - -25439*1 a prime number?
True
Let b = -13067 - -30294. Let s = -11874 + b. Is s prime?
False
Let b(g) = 3893*g**2 + 455*g - 2303. Is b(5) composite?
True
Suppose 3*a = -296*j + 295*j + 383249, 0 = 4*j - a - 1533074. Is j a composite number?
False
Let h(n) = -5*n - 19. Let w be h(-3). Let d be 1 + (w/(-6))/(4/(-18)). Is 2 + (-98)/d - (1 - 1) composite?
True
Is ((-150)/(-20))/((-20)/(-16))*618334/4 a prime number?
False
Suppose 0 = -4*a - n + 48120, -3*a = -5*a + 2*n + 24070. Is a a composite number?
True
Suppose -724*t - 5*b = -726*t + 349861, -5*t - 2*b + 874551 = 0. Is t composite?
True
Let c(d) be the third derivative of -d**4 + 31*d**3/6 - 6*d**2. Suppose 2*a = -5*q + 4 - 5, q - 43 = 5*a. Is c(a) composite?
False
Let d(f) be the first derivative of 43*f**3/3 + f**2/2 - 5*f + 1. Suppose -143*w - 1710 = 142*w. Is d(w) a prime number?
False
Let s be (-198)/(-110) - (1/1)/(-5). Suppose 0 = -2*m + 10, s*o - 3*m + 40049 = 4*o. Is o composite?
True
Suppose 15*p - 445727 = -162782. Is p a composite number?
True
Let w = -2833 - -7449. Suppose 7*p = w + 1523. Is p a composite number?
False
Suppose -2*f + 0*f = 2*t + 4, t - 3*f = 14. Let c be 170/40 - t/8. Is 413 + (c/4 - 3) + 2 composite?
True
Let w(b) = 17592*b + 947. Is w(3) composite?
True
Suppose 0 = -100*g - 15640818 + 42794918. Is g prime?
False
Let l = 95066 - 605. Suppose -8*g - 14165 = -l. Is g composite?
False
Suppose 67*d - 7*d - 1010580 = 0. Is d a composite number?
False
Let n(x) = 5*x**3 + 4*x**2 - 6*x - 21. Let g be n(-4). Let b = 634 - g. Is b composite?
False
Let z(f) = 11437*f + 588. Is z(5) a composite number?
False
Suppose -b + 0*i + 1144 = -3*i, 3*b - 3376 = -5*i. Let j be 1 + (0 - -2) + b. Suppose j = 4*z - 189. Is z a composite number?
False
Let f(v) = -1005*v + 2414. Is f(-65) a composite number?
True
Let w = 7794 - -14945. Is w a prime number?
True
Suppose 5*i - 2*n = 238567, -12*i + 2*i = -2*n - 477122. Is i composite?
False
Let u(b) = 18 + 2285*b + 2*b**2 + 13*b**2 + b**3 - 2276*b. Is u(11) a prime number?
False
Let k = -406629 - -635932. Is k composite?
True
Suppose -3*l - 3*g = 11433, 4*l = -g - 10137 - 5095. Let m = l - -9518. Is m a composite number?
False
Let n be (3 - 1) + 14640 - -4. Is (-6 - (-11 - -6))/((-2)/n) a prime number?
False
Let p be -5 - -30*13/39. Suppose 5*v + 4*s - 3202 = 2*v, 0 = -2*v - 5*s + 2130. Suppose x + p*b - v - 272 = 0, -6686 = -5*x - b. Is x composite?
True
Suppose 0 = 215*j - 212*j - 12. Let b(m) = m**3 - 3*m**2 - 2*m - 4. Let o be b(4). Suppose -j = -u + 2*u, 2*y - 766 = -o*u. Is y a prime number?
False
Let g(h) be the third derivative of 1169*h**5/15 - 5*h**4/12 - 5*h**3/6 - 305*h**2. Is g(-3) a composite number?
True
Let j(d) = d**3 - 4*d**2. Let t(q) = -57*q**3 + 13*q**2 + 6*q + 17. Let x(b) = j(b) - t(b). Is x(6) a composite number?
False
Suppose -2*t - 4*m = -16, 0 = 4*t - 5*t + 2*m - 8. Suppose -3*s + 587 = o - 669, t = 2*s. Is (2/(-4))/((-4)/o) prime?
True
Suppose 4*j - 56*i = -52*i + 1695932, i + 847960 = 2*j. Is j a prime number?
True
Suppose 90*r - 9045943 - 59473527 = -32*r. Is r composite?
True
Let b(m) = -23*m - 9. Let r be b(-5). Let o = r + 106. Let u = o + -135. Is u composite?
True
Let f be 13/7 + (-4 - (-203)/49). Suppose -2*q = 2, 5*q - 2285 = -f*n + 7692. Is n/56 + 5/(-40) a composite number?
False
Is (-8)/(-52) - 61107/117*-3 prime?
True
Let j be ((-6)/5)/((-6)/2300). Let z(v) = -v**3 + 22*v**2 + 12*v - 16. Let o be z(23). Let h = j + o. Is h prime?
True
Let d(r) = r**3 + 126*r**2 + 965*r - 11. Is d(-109) prime?
False
Let k = 40230 - -3221. Is k composite?
False
Let d = -12163 + 17726. Is d prime?
True
Let y(o) = 6*o**2 - 269*o - 615. Is y(-112) composite?
True
Let u be (-1)/((2/36)/(9/(-18))). Suppose 34298 = 31*d - u*d. Is d composite?
False
Let r(a) = 67*a**2 + 395*a + 173. Is r(-88) composite?
True
Let j = 72 + 269. Suppose 4*k = -5*h + j + 49, -5*h + 2*k + 390 = 0. Is 4/(-26) - (-97902)/h prime?
False
Let w(p) = -2*p**3 - 20*p**2 - 5*p - 166. Suppose 4*v + 30 + 30 = 0. Is w(v) prime?
False
Suppose -g + 40123 = 2*p, -p + 20059 = 4*g - 6*g. Let b be (-3)/(-4) - p*4/(-16). Suppose -4*f - b = -4*i, i - 3*f + 228 = 1492. Is i a composite number?
False
Let z = 38 - 35. Suppose 0*u - u = t - 15, -z*t + u + 49 = 0. Let k = t + 3. Is k a composite number?
False
Let h(k) = 1. Let v(r) = r**3 + 16*r**2 + 22*r + 24. Let i(s) = 2*h(s) + v(s). Let u be (-56)/5 - (-1)/5. Is i(u) a composite number?
False
Suppose 2*r + 6 = 2, 4*r + 2466 = 2*k. Suppose -5*s - k = -6*s. Is s a prime number?
True
Suppose -126848 = -3*k - w, k + w - 48742 = -6456. Is k a prime number?
True
Let f(k) = 769*k - 29. Let g be f(-7). Is (-1)/(-2)*(2 - g) a prime number?
True
Suppose -19 = 2*w + 5*p, 0 = 6*w - 2*w - p + 5. Let v(g) = -2612*g**3 - 2*g**2 - g - 5. Is v(w) a prime number?
False
Let y be (41/(-82))/(2/12). Is (482/(-4))/(y/66) prime?
False
Let i = -58852 - -87457. Suppose -i = 13*t - 16*t. Is t prime?
False
Let f = -138 - -132. Is 5/(-10) - 141/f composite?
False
Let u be (-22140)/40*10/(-3)*-11. Let a = -13238 - u. Is a prime?
True
Let q(n) = -23*n + 106. Let x be q(5). Let p(t) = 4*t - 1 + 16 + 4*t**2 + 6*t**2 - 6*t**2. Is p(x) composite?
True
Suppose 3*x - 2*r - 72 = 0, -48*r + 50*r = 0. Suppose 9*v = x*v - 387615. Is v a composite number?
False
Suppose -4129*i + 4134*i = 226145. Is i a composite number?
True
Let o = 18087 + -9631. Suppose -11*b + 7*b - o = 0. Let n = b + 2991. Is n prime?
True
Let i be -4*5/(-20)*(0 + 2). Suppose -w + 4*a = -137, 5*w - i*w - 385 = -a. Suppose w = -26*t + 27*t. Is t prime?
False
Suppose -410*l + 406*l = -4*c + 4347556, -4*c + l + 4347532 = 0. Is c a prime number?
True
Let d be 110*7 + 189/63. Let o = d - -1644. Is o a prime number?
True
Suppose -24*w - 4*x - 162600 = -21*w, 3*x - 270971 = 5*w. Let n = -19347 - w. Is n composite?
False
Suppose -208*x + 207*x + 1955 = 0. Let f = 8130 + x. Is f a prime number?
False
Suppose y + 36665 = 3*o, -24450 = 3*o - 5*o + 4*y. Suppose 0 = 5*j + 6*j - o. Is j a composite number?
True
Suppose 0 = -121*q + 118*q + 34599. Suppose 5*z - 11525 = 5*k, -5*z + q = -0*k - k. Is 4 + z - -2 - 4 composite?
False
Suppose -722*n = -117*n - 1137267505. Is n composite?
False
